{"id":11,"date":"2018-03-10T18:31:03","date_gmt":"2018-03-10T18:31:03","guid":{"rendered":"http:\/\/scmalcacovas.pt\/home\/?page_id=11"},"modified":"2018-08-01T21:03:12","modified_gmt":"2018-08-01T21:03:12","slug":"instalacoes","status":"publish","type":"page","link":"http:\/\/scmalcacovas.pt\/home\/instalacoes\/","title":{"rendered":"Instala\u00e7\u00f5es"},"content":{"rendered":"<div id=\"pl-11\"  class=\"panel-layout\" ><div id=\"pg-11-0\"  class=\"panel-grid panel-no-style\" ><div id=\"pgc-11-0-0\"  class=\"panel-grid-cell\" ><div id=\"panel-11-0-0-0\" class=\"so-panel widget widget_sow-editor panel-first-child panel-last-child\" data-index=\"0\" ><div\n\t\t\t\n\t\t\tclass=\"so-widget-sow-editor so-widget-sow-editor-base\"\n\t\t\t\n\t\t><h3 class=\"widget-title\">P\u00e1teo Solar<\/h3>\n<div class=\"siteorigin-widget-tinymce textwidget\">\n\t<p style=\"text-align: justify;\">Dispomos de um P\u00e1teo Solar! Um recanto acolhedor onde se desenvolvem atividades l\u00fadicas e recreativas, ao ar livre. Este espa\u00e7o est\u00e1 ao dispor das fam\u00edlias que quereriam conviver com o seu idoso, em espa\u00e7o aberto e sem sair das instala\u00e7\u00f5es da SCMA.<\/p>\n<\/div>\n<\/div><\/div><\/div><div id=\"pgc-11-0-1\"  class=\"panel-grid-cell\" ><div id=\"panel-11-0-1-0\" class=\"so-panel widget widget_sow-editor panel-first-child panel-last-child\" data-index=\"1\" ><div\n\t\t\t\n\t\t\tclass=\"so-widget-sow-editor so-widget-sow-editor-base\"\n\t\t\t\n\t\t>\n<div class=\"siteorigin-widget-tinymce textwidget\">\n\t\n<\/div>\n<\/div><\/div><\/div><\/div><div id=\"pg-11-1\"  class=\"panel-grid panel-no-style\" ><div id=\"pgc-11-1-0\"  class=\"panel-grid-cell\" ><div id=\"panel-11-1-0-0\" class=\"so-panel widget widget_sow-editor panel-first-child panel-last-child\" data-index=\"2\" ><div\n\t\t\t\n\t\t\tclass=\"so-widget-sow-editor so-widget-sow-editor-base\"\n\t\t\t\n\t\t>\n<div class=\"siteorigin-widget-tinymce textwidget\">\n\t\n<\/div>\n<\/div><\/div><\/div><div id=\"pgc-11-1-1\"  class=\"panel-grid-cell\" ><div id=\"panel-11-1-1-0\" class=\"so-panel widget widget_sow-editor panel-first-child panel-last-child\" data-index=\"3\" ><div\n\t\t\t\n\t\t\tclass=\"so-widget-sow-editor so-widget-sow-editor-base\"\n\t\t\t\n\t\t><h3 class=\"widget-title\">Sal\u00e3o Multiusos<\/h3>\n<div class=\"siteorigin-widget-tinymce textwidget\">\n\t<p style=\"text-align: justify;\">A SCMA disp\u00f5e de um Sal\u00e3o Multiusos onde se realizam festas, reuni\u00f5es, forma\u00e7\u00f5es, \u00e9 aqui que acolhemos os grandes grupos de peregrinos, etc.\u00a0\u00c9 no Sal\u00e3o Multiusos que respondemos \u00e0s exig\u00eancias de eventos que requerem um amplo espa\u00e7o e condi\u00e7\u00f5es de projec\u00e7\u00e3o de imagem e som, pois est\u00e1 equipado com sistemas apropriados.<\/p>\n<\/div>\n<\/div><\/div><\/div><\/div><div id=\"pg-11-2\"  class=\"panel-grid panel-no-style\" ><div id=\"pgc-11-2-0\"  class=\"panel-grid-cell\" ><div id=\"panel-11-2-0-0\" class=\"so-panel widget widget_sow-editor panel-first-child panel-last-child\" data-index=\"4\" ><div\n\t\t\t\n\t\t\tclass=\"so-widget-sow-editor so-widget-sow-editor-base\"\n\t\t\t\n\t\t><h3 class=\"widget-title\">Salas Comuns<\/h3>\n<div class=\"siteorigin-widget-tinymce textwidget\">\n\t<p style=\"text-align: justify;\">A SCMA disp\u00f5e de v\u00e1rias salas comuns e espa\u00e7os reservados onde os idosos recebem as suas visitas, assistem e participam em diversas atividades e onde uma vez por semana \u00e9 celebrada a eucaristia.<\/p>\n<\/div>\n<\/div><\/div><\/div><div id=\"pgc-11-2-1\"  class=\"panel-grid-cell\" ><div id=\"panel-11-2-1-0\" class=\"so-panel widget widget_sow-editor panel-first-child panel-last-child\" data-index=\"5\" ><div\n\t\t\t\n\t\t\tclass=\"so-widget-sow-editor so-widget-sow-editor-base\"\n\t\t\t\n\t\t>\n<div class=\"siteorigin-widget-tinymce textwidget\">\n\t\n<\/div>\n<\/div><\/div><\/div><\/div><div id=\"pg-11-3\"  class=\"panel-grid panel-has-style\" ><div class=\"siteorigin-panels-stretch panel-row-style panel-row-style-for-11-3\" data-stretch-type=\"full\" ><div id=\"pgc-11-3-0\"  class=\"panel-grid-cell\" ><div id=\"panel-11-3-0-0\" class=\"so-panel widget widget_sow-headline panel-first-child\" data-index=\"6\" ><div\n\t\t\t\n\t\t\tclass=\"so-widget-sow-headline so-widget-sow-headline-default-4bf292fda335-11\"\n\t\t\t\n\t\t><div class=\"sow-headline-container \">\n\t\t\t\t\t\t\t<h1 class=\"sow-headline\">\n\t\t\t\t\t\tVenha conhecer os nossos servi\u00e7os\t\t\t\t\t\t<\/h1>\n\t\t\t\t\t\t<\/div>\n<\/div><\/div><div id=\"panel-11-3-0-1\" class=\"so-panel widget widget_sow-button panel-last-child\" data-index=\"7\" ><div\n\t\t\t\n\t\t\tclass=\"so-widget-sow-button so-widget-sow-button-flat-f54c0409268f-11\"\n\t\t\t\n\t\t><div class=\"ow-button-base ow-button-align-center\"\n>\n\t\t\t<a\n\t\t\t\t\thref=\"http:\/\/scmalcacovas.pt\/home\/contactos\/\"\n\t\t\t\t\tclass=\"sowb-button ow-icon-placement-left ow-button-hover\" \t>\n\t\t<span>\n\t\t\t\n\t\t\tContacte-nos\t\t<\/span>\n\t\t\t<\/a>\n\t<\/div>\n<\/div><\/div><\/div><\/div><\/div><div id=\"pg-11-4\"  class=\"panel-grid panel-no-style\" ><div id=\"pgc-11-4-0\"  class=\"panel-grid-cell\" ><div id=\"panel-11-4-0-0\" class=\"so-panel widget widget_sow-editor panel-first-child panel-last-child\" data-index=\"8\" ><div\n\t\t\t\n\t\t\tclass=\"so-widget-sow-editor so-widget-sow-editor-base\"\n\t\t\t\n\t\t>\n<div class=\"siteorigin-widget-tinymce textwidget\">\n\t\n<\/div>\n<\/div><\/div><\/div><div id=\"pgc-11-4-1\"  class=\"panel-grid-cell\" ><div id=\"panel-11-4-1-0\" class=\"so-panel widget widget_sow-editor panel-first-child panel-last-child\" data-index=\"9\" ><div\n\t\t\t\n\t\t\tclass=\"so-widget-sow-editor so-widget-sow-editor-base\"\n\t\t\t\n\t\t><h3 class=\"widget-title\">Ber\u00e7\u00e1rio<\/h3>\n<div class=\"siteorigin-widget-tinymce textwidget\">\n\t<p style=\"text-align: justify;\">O ber\u00e7\u00e1rio da SCMA \u00e9 organizado tendo a crian\u00e7a como o centro da sua a\u00e7\u00e3o. Procuramos promover, num espa\u00e7o de conforto e seguran\u00e7a, o desenvolvimento f\u00edsico, o refor\u00e7o da comunica\u00e7\u00e3o, as compet\u00eancias cognitivas e interac\u00e7\u00f5es sociais de cada crian\u00e7a que acolhemos.<\/p>\n<\/div>\n<\/div><\/div><\/div><\/div><div id=\"pg-11-5\"  class=\"panel-grid panel-no-style\" ><div id=\"pgc-11-5-0\"  class=\"panel-grid-cell\" ><div id=\"panel-11-5-0-0\" class=\"so-panel widget widget_sow-editor panel-first-child panel-last-child\" data-index=\"10\" ><div\n\t\t\t\n\t\t\tclass=\"so-widget-sow-editor so-widget-sow-editor-base\"\n\t\t\t\n\t\t><h3 class=\"widget-title\">Creche<\/h3>\n<div class=\"siteorigin-widget-tinymce textwidget\">\n\t<p style=\"text-align: justify;\">Na Creche da SCMA \u00e9 desenvolvido um servi\u00e7o socio-educativo, para crian\u00e7as entre os 4 meses e os 3 anos de idade, onde todas as atividades s\u00e3o pensadas e preparadas para estimular o desenvolvimento progressivo e integral de cada crian\u00e7a.\u00a0A equipa educativa das salas de Creche \u00e9 formada por educadoras de inf\u00e2ncia e auxiliares de ac\u00e7\u00e3o educativa, que diariamente recebem as crian\u00e7as e as suas fam\u00edlias de forma a responder \u00e0s suas necessidades.\u00a0O principal objetivo da creche \u00e9, em parceria com a fam\u00edlia, fomentar o desenvolvimento integral de cada crian\u00e7a, promovendo a sua autonomia e a aquisi\u00e7\u00e3o de aprendizagens significativas.<\/p>\n<\/div>\n<\/div><\/div><\/div><div id=\"pgc-11-5-1\"  class=\"panel-grid-cell\" ><div id=\"panel-11-5-1-0\" class=\"so-panel widget widget_sow-editor panel-first-child panel-last-child\" data-index=\"11\" ><div\n\t\t\t\n\t\t\tclass=\"so-widget-sow-editor so-widget-sow-editor-base\"\n\t\t\t\n\t\t>\n<div class=\"siteorigin-widget-tinymce textwidget\">\n\t\n<\/div>\n<\/div><\/div><\/div><\/div><div id=\"pg-11-6\"  class=\"panel-grid panel-no-style\" ><div id=\"pgc-11-6-0\"  class=\"panel-grid-cell\" ><div id=\"panel-11-6-0-0\" class=\"so-panel widget widget_sow-editor panel-first-child panel-last-child\" data-index=\"12\" ><div\n\t\t\t\n\t\t\tclass=\"so-widget-sow-editor so-widget-sow-editor-base\"\n\t\t\t\n\t\t>\n<div class=\"siteorigin-widget-tinymce textwidget\">\n\t<div><\/div>\n<\/div>\n<\/div><\/div><\/div><div id=\"pgc-11-6-1\"  class=\"panel-grid-cell\" ><div id=\"panel-11-6-1-0\" class=\"so-panel widget widget_sow-editor panel-first-child panel-last-child\" data-index=\"13\" ><div\n\t\t\t\n\t\t\tclass=\"so-widget-sow-editor so-widget-sow-editor-base\"\n\t\t\t\n\t\t><h3 class=\"widget-title\">Circuito de Manuten\u00e7\u00e3o<\/h3>\n<div class=\"siteorigin-widget-tinymce textwidget\">\n\t<p style=\"text-align: justify;\">O Circuito de Manuten\u00e7\u00e3o da SCMA \u00e9 um espa\u00e7o dispon\u00edvel aos nossos utentes bem como a toda a comunidade da vila de Alc\u00e1\u00e7ovas. Este circuito pretender colocar \u00e0 disposi\u00e7\u00e3o de todos a oportunidade de praticar exerc\u00edcio f\u00edsico ao ar livre, num espa\u00e7o verde de acesso p\u00fablico, atrativo, modernamente equipado para fazer exerc\u00edcios que podem contribuir para o combate ao sedentarismo, ajudando na promo\u00e7\u00e3o da sa\u00fade da popula\u00e7\u00e3o contribuindo para a implementa\u00e7\u00e3o de um estilo de vida saud\u00e1vel.<\/p>\n<\/div>\n<\/div><\/div><\/div><\/div><div id=\"pg-11-7\"  class=\"panel-grid panel-has-style\" ><div class=\"siteorigin-panels-stretch panel-row-style panel-row-style-for-11-7\" data-stretch-type=\"full\" ><div id=\"pgc-11-7-0\"  class=\"panel-grid-cell\" ><div id=\"panel-11-7-0-0\" class=\"so-panel widget widget_sow-headline panel-first-child\" data-index=\"14\" ><div\n\t\t\t\n\t\t\tclass=\"so-widget-sow-headline so-widget-sow-headline-default-4bf292fda335-11\"\n\t\t\t\n\t\t><div class=\"sow-headline-container \">\n\t\t\t\t\t\t\t<h1 class=\"sow-headline\">\n\t\t\t\t\t\tFa\u00e7a-nos uma visita\t\t\t\t\t\t<\/h1>\n\t\t\t\t\t\t<\/div>\n<\/div><\/div><div id=\"panel-11-7-0-1\" class=\"so-panel widget widget_sow-button panel-last-child\" data-index=\"15\" ><div\n\t\t\t\n\t\t\tclass=\"so-widget-sow-button so-widget-sow-button-flat-f54c0409268f-11\"\n\t\t\t\n\t\t><div class=\"ow-button-base ow-button-align-center\"\n>\n\t\t\t<a\n\t\t\t\t\thref=\"http:\/\/scmalcacovas.pt\/home\/contactos\/\"\n\t\t\t\t\tclass=\"sowb-button ow-icon-placement-left ow-button-hover\" \t>\n\t\t<span>\n\t\t\t\n\t\t\tContacte-nos\t\t<\/span>\n\t\t\t<\/a>\n\t<\/div>\n<\/div><\/div><\/div><\/div><\/div><div id=\"pg-11-8\"  class=\"panel-grid panel-no-style\" ><div id=\"pgc-11-8-0\"  class=\"panel-grid-cell\" ><div id=\"panel-11-8-0-0\" class=\"so-panel widget widget_sow-editor panel-first-child panel-last-child\" data-index=\"16\" ><div\n\t\t\t\n\t\t\tclass=\"so-widget-sow-editor so-widget-sow-editor-base\"\n\t\t\t\n\t\t><h3 class=\"widget-title\">Biblioteca<\/h3>\n<div class=\"siteorigin-widget-tinymce textwidget\">\n\t<p style=\"text-align: justify;\">A Biblioteca da SCMA guarda um extenso arquivo, alguns volumes recentes e uma vasta mem\u00f3ria ao servi\u00e7o da solidariedade. O cat\u00e1logo da SCMA est\u00e1 dispon\u00edvel para consulta numa base de dados digital e ao dispor de alunos e investigadores.<\/p>\n<\/div>\n<\/div><\/div><\/div><div id=\"pgc-11-8-1\"  class=\"panel-grid-cell\" ><div id=\"panel-11-8-1-0\" class=\"so-panel widget widget_sow-editor panel-first-child panel-last-child\" data-index=\"17\" ><div\n\t\t\t\n\t\t\tclass=\"so-widget-sow-editor so-widget-sow-editor-base\"\n\t\t\t\n\t\t>\n<div class=\"siteorigin-widget-tinymce textwidget\">\n\t\n<\/div>\n<\/div><\/div><\/div><\/div><div id=\"pg-11-9\"  class=\"panel-grid panel-no-style\" ><div id=\"pgc-11-9-0\"  class=\"panel-grid-cell\" ><div id=\"panel-11-9-0-0\" class=\"so-panel widget widget_sow-editor panel-first-child panel-last-child\" data-index=\"18\" ><div\n\t\t\t\n\t\t\tclass=\"so-widget-sow-editor so-widget-sow-editor-base\"\n\t\t\t\n\t\t>\n<div class=\"siteorigin-widget-tinymce textwidget\">\n\t\n<\/div>\n<\/div><\/div><\/div><div id=\"pgc-11-9-1\"  class=\"panel-grid-cell\" ><div id=\"panel-11-9-1-0\" class=\"so-panel widget widget_sow-editor panel-first-child panel-last-child\" data-index=\"19\" ><div\n\t\t\t\n\t\t\tclass=\"so-widget-sow-editor so-widget-sow-editor-base\"\n\t\t\t\n\t\t><h3 class=\"widget-title\">Sal\u00e3o Nobre<\/h3>\n<div class=\"siteorigin-widget-tinymce textwidget\">\n\t<p style=\"text-align: justify;\">O Sal\u00e3o Nobre da SCMA \u00e9 a sala por excel\u00eancia dos atos solenes das reuni\u00f5es oficiais da institui\u00e7\u00e3o.<\/p>\n<\/div>\n<\/div><\/div><\/div><\/div><div id=\"pg-11-10\"  class=\"panel-grid panel-no-style\" ><div id=\"pgc-11-10-0\"  class=\"panel-grid-cell\" ><div id=\"panel-11-10-0-0\" class=\"so-panel widget widget_sow-editor panel-first-child panel-last-child\" data-index=\"20\" ><div\n\t\t\t\n\t\t\tclass=\"so-widget-sow-editor so-widget-sow-editor-base\"\n\t\t\t\n\t\t><h3 class=\"widget-title\">Igreja da Miseric\u00f3rdia<\/h3>\n<div class=\"siteorigin-widget-tinymce textwidget\">\n\t<p style=\"text-align: justify;\">A igreja da Miseric\u00f3rdia \u00e9 original do reinado de D. Jo\u00e3o III, fundada a 10 de Setembro de 1551 sendo na altura o donat\u00e1rio da Vila D. Fernando Henriques. \u00c9 uma igreja com caracter\u00edsticas quinhentistas, foi constru\u00eddo sobre o casario pr\u00e9-existente na Rua Direita, doado por Margarida Rodriguez. Possui cunhais em granito, e guarni\u00e7\u00f5es em calc\u00e1rio branco, o front\u00e3o triangular, cont\u00e9m o \u00f3culo que ilumina a igreja com luz de nascente o campan\u00e1rio \u00e9 encimado por um sino de bronze fundido, uma cruz estrel\u00f3ide e o cronograma de 1749. O Altar-mor \u00e9 decorado com um ret\u00e1bulo barroco de talha dourada e policromada, constitu\u00eddo por um p\u00f3rtico de quatro colunas salom\u00f3nicas decoradas com elementos de invoca\u00e7\u00e3o mariana.<\/p>\n<\/div>\n<\/div><\/div><\/div><div id=\"pgc-11-10-1\"  class=\"panel-grid-cell\" ><div id=\"panel-11-10-1-0\" class=\"so-panel widget widget_sow-editor panel-first-child panel-last-child\" data-index=\"21\" ><div\n\t\t\t\n\t\t\tclass=\"so-widget-sow-editor so-widget-sow-editor-base\"\n\t\t\t\n\t\t>\n<div class=\"siteorigin-widget-tinymce textwidget\">\n\t<div><\/div>\n<\/div>\n<\/div><\/div><\/div><\/div><div id=\"pg-11-11\"  class=\"panel-grid panel-no-style\" ><div id=\"pgc-11-11-0\"  class=\"panel-grid-cell\" ><div id=\"panel-11-11-0-0\" class=\"so-panel widget widget_sow-editor panel-first-child panel-last-child\" data-index=\"22\" ><div\n\t\t\t\n\t\t\tclass=\"so-widget-sow-editor so-widget-sow-editor-base\"\n\t\t\t\n\t\t>\n<div class=\"siteorigin-widget-tinymce textwidget\">\n\t<div><\/div>\n<\/div>\n<\/div><\/div><\/div><div id=\"pgc-11-11-1\"  class=\"panel-grid-cell\" ><div id=\"panel-11-11-1-0\" class=\"so-panel widget widget_sow-editor panel-first-child panel-last-child\" data-index=\"23\" ><div\n\t\t\t\n\t\t\tclass=\"so-widget-sow-editor so-widget-sow-editor-base\"\n\t\t\t\n\t\t><h3 class=\"widget-title\">Museu Trigo de Sousa<\/h3>\n<div class=\"siteorigin-widget-tinymce textwidget\">\n\t<p style=\"text-align: justify;\">O Museu Dr. Trigo de Sousa foi inaugurado a 7 de Mar\u00e7o de 2013, na parte mais antiga do edif\u00edcio sede da Santa Casa da Miseric\u00f3rdia das Alc\u00e1\u00e7ovas (anterior hospital), em homenagem ao Dr. Adriano Ayres Trigo de Sousa.\u00a0O Dr. Trigo de Sousa foi um m\u00e9dico bastante prestigiado na Vila das Alc\u00e1\u00e7ovas. Chegou \u00e0 Vila na d\u00e9cada de 40 para ocupar o cargo de m\u00e9dico municipal e mais tarde tamb\u00e9m viria a ser m\u00e9dico da Miseric\u00f3rdia. Era conhecido como \u201co m\u00e9dico dos pobres\u201d, pois exercia a sua profiss\u00e3o com grande sentido de solidariedade, prestando auxilio aos mais carenciados sem cobrar nada. Era conhecido como \u201c o m\u00e9dico dos pobres\u201d, pois exercia a sua profiss\u00e3o com grande sentido de solidariedade, prestando auxilio aos mais carenciados sem cobrar nada.<\/p>\n<\/div>\n<\/div><\/div><\/div><\/div><\/div>","protected":false},"excerpt":{"rendered":"<p>Dispomos de um P\u00e1teo Solar! Um recanto acolhedor onde se desenvolvem atividades l\u00fadicas e recreativas, ao ar livre. Este espa\u00e7o [&hellip;]<\/p>\n","protected":false},"author":1,"featured_media":0,"parent":0,"menu_order":0,"comment_status":"closed","ping_status":"closed","template":"page-templates\/full-width.php","meta":{"footnotes":""},"class_list":["post-11","page","type-page","status-publish","hentry"],"_links":{"self":[{"href":"http:\/\/scmalcacovas.pt\/home\/wp-json\/wp\/v2\/pages\/11","targetHints":{"allow":["GET"]}}],"collection":[{"href":"http:\/\/scmalcacovas.pt\/home\/wp-json\/wp\/v2\/pages"}],"about":[{"href":"http:\/\/scmalcacovas.pt\/home\/wp-json\/wp\/v2\/types\/page"}],"author":[{"embeddable":true,"href":"http:\/\/scmalcacovas.pt\/home\/wp-json\/wp\/v2\/users\/1"}],"replies":[{"embeddable":true,"href":"http:\/\/scmalcacovas.pt\/home\/wp-json\/wp\/v2\/comments?post=11"}],"version-history":[{"count":86,"href":"http:\/\/scmalcacovas.pt\/home\/wp-json\/wp\/v2\/pages\/11\/revisions"}],"predecessor-version":[{"id":1498,"href":"http:\/\/scmalcacovas.pt\/home\/wp-json\/wp\/v2\/pages\/11\/revisions\/1498"}],"wp:attachment":[{"href":"http:\/\/scmalcacovas.pt\/home\/wp-json\/wp\/v2\/media?parent=11"}],"curies":[{"name":"wp","href":"https:\/\/api.w.org\/{rel}","templated":true}]}}