{"id":309,"date":"2018-03-12T19:57:49","date_gmt":"2018-03-12T19:57:49","guid":{"rendered":"http:\/\/scmalcacovas.pt\/home\/?page_id=309"},"modified":"2018-05-27T17:47:24","modified_gmt":"2018-05-27T17:47:24","slug":"apresentacao","status":"publish","type":"page","link":"http:\/\/scmalcacovas.pt\/home\/instituicao\/apresentacao\/","title":{"rendered":"Apresenta\u00e7\u00e3o"},"content":{"rendered":"<div id=\"pl-309\"  class=\"panel-layout\" ><div id=\"pg-309-0\"  class=\"panel-grid panel-no-style\" ><div id=\"pgc-309-0-0\"  class=\"panel-grid-cell\" ><div id=\"panel-309-0-0-0\" class=\"so-panel widget widget_sow-editor panel-first-child panel-last-child\" data-index=\"0\" ><div\n\t\t\t\n\t\t\tclass=\"so-widget-sow-editor so-widget-sow-editor-base\"\n\t\t\t\n\t\t>\n<div class=\"siteorigin-widget-tinymce textwidget\">\n\t<p align=\"JUSTIFY\"><img loading=\"lazy\" decoding=\"async\" class=\" wp-image-6 alignleft\" src=\"http:\/\/scmalcacovas.pt\/home\/wp-content\/uploads\/2018\/03\/Misericordia-Alca\u00e7ovas-300x200.jpg\" alt=\"\" width=\"203\" height=\"135\" srcset=\"http:\/\/scmalcacovas.pt\/home\/wp-content\/uploads\/2018\/03\/Misericordia-Alca\u00e7ovas-300x200.jpg 300w, http:\/\/scmalcacovas.pt\/home\/wp-content\/uploads\/2018\/03\/Misericordia-Alca\u00e7ovas-768x513.jpg 768w, http:\/\/scmalcacovas.pt\/home\/wp-content\/uploads\/2018\/03\/Misericordia-Alca\u00e7ovas-1024x684.jpg 1024w\" sizes=\"auto, (max-width: 203px) 100vw, 203px\" \/>A Irmandade da Santa Casa da Miseric\u00f3rdia de Alc\u00e1\u00e7ovas, com sede em Rua Dr. Aleixo de Abreu, n.\u00ba49, em Alc\u00e1\u00e7ovas, foi institu\u00edda no ano de 1551 e \u00e9 uma associa\u00e7\u00e3o de fi\u00e9is, com personalidade jur\u00eddica can\u00f3nica, cujo fim \u00e9 a pr\u00e1tica das Catorze Obras de Miseric\u00f3rdia, tanto corporais como espirituais, visando o servi\u00e7o e apoio com solidariedade a todos os que precisam, bem como a realiza\u00e7\u00e3o de atos de culto cat\u00f3lico, de harmonia com o seu esp\u00edrito tradicional, informado pelos princ\u00edpios do humanismo e da doutrina e moral crist\u00e3s.<\/p>\n<p align=\"JUSTIFY\">Em conformidade com a sua ere\u00e7\u00e3o can\u00f3nica, a Santa Casa da Miseric\u00f3rdia encontra-se sujeita ao regime especial decorrente do Compromisso celebrado entre a Uni\u00e3o das Miseric\u00f3rdias Portuguesas e a Confer\u00eancia Episcopal Portuguesa, assinado em 2 de maio de 2011 ou de documento bilateral que o substitua, o qual consubstancia o Decreto-Geral Interpretativo da Confer\u00eancia Episcopal Portuguesa, da mesma data.<\/p>\n<p align=\"JUSTIFY\">A Santa Casa da Miseric\u00f3rdia tem, tamb\u00e9m, reconhecida a sua personalidade jur\u00eddica civil, com estatuto de Institui\u00e7\u00e3o Particular de Solidariedade Social, pelo que \u00e9 considerada uma entidade da economia social, nos termos da respetiva Lei de Bases, e natureza de Pessoa Coletiva de Utilidade P\u00fablica.<\/p>\n<p align=\"JUSTIFY\">Para concretiza\u00e7\u00e3o do seu fim, a Miseric\u00f3rdia desenvolve atividades de interven\u00e7\u00e3o social, designadamente:<\/p>\n<ol>\n<li>Apoio \u00e0 inf\u00e2ncia e juventude;<\/li>\n<li>Apoio \u00e0s pessoas idosas;<\/li>\n<li>Apoio \u00e0 fam\u00edlia e comunidade em geral;<\/li>\n<li>Salvaguarda e defesa do patrim\u00f3nio cultural e art\u00edstico, material e imaterial, religioso e n\u00e3o religioso;<\/li>\n<li>Atividades enquadr\u00e1veis na Economia Social, em \u00edntima colabora\u00e7\u00e3o com os parceiros institucionais;<\/li>\n<li>Atividades agr\u00edcolas.<\/li>\n<\/ol>\n<\/div>\n<\/div><\/div><\/div><div id=\"pgc-309-0-1\"  class=\"panel-grid-cell\" ><div id=\"panel-309-0-1-0\" class=\"so-panel widget widget_fbw_id panel-first-child panel-last-child\" data-index=\"1\" ><h3 class=\"widget-title\">Facebook<\/h3>        <div class=\"fb-widget-container\" style=\"position: relative; min-height: 500px;\">\n            <div class=\"fb_loader\" style=\"text-align: center !important;\">\n                <img decoding=\"async\" src=\"http:\/\/scmalcacovas.pt\/home\/wp-content\/plugins\/facebook-pagelike-widget\/assets\/images\/loader.gif\" alt=\"Loading...\" \/>\n            <\/div>\n\n            <div id=\"fb-root\"><\/div>\n            <div class=\"fb-page\"\n                data-href=\"https:\/\/www.facebook.com\/Santa-Casa-da-Miseric%C3%B3rdia-de-Alc%C3%A1%C3%A7ovas-269150366447260\/\"\n                data-width=\"300\"\n                data-height=\"500\"\n                data-small-header=\"false\"\n                data-adapt-container-width=\"false\"\n                data-hide-cover=\"false\"\n                data-show-facepile=\"false\"\n                data-tabs=\"timeline\"\n                data-lazy=\"false\"\n                data-xfbml-parse-ignore=\"false\">\n            <\/div>\n        <\/div>\n        <\/div><\/div><\/div><\/div>","protected":false},"excerpt":{"rendered":"<p>A Irmandade da Santa Casa da Miseric\u00f3rdia de Alc\u00e1\u00e7ovas, com sede em Rua Dr. Aleixo de Abreu, n.\u00ba49, em Alc\u00e1\u00e7ovas, [&hellip;]<\/p>\n","protected":false},"author":1,"featured_media":0,"parent":2,"menu_order":0,"comment_status":"closed","ping_status":"closed","template":"page-templates\/full-width.php","meta":{"footnotes":""},"class_list":["post-309","page","type-page","status-publish","hentry"],"_links":{"self":[{"href":"http:\/\/scmalcacovas.pt\/home\/wp-json\/wp\/v2\/pages\/309","targetHints":{"allow":["GET"]}}],"collection":[{"href":"http:\/\/scmalcacovas.pt\/home\/wp-json\/wp\/v2\/pages"}],"about":[{"href":"http:\/\/scmalcacovas.pt\/home\/wp-json\/wp\/v2\/types\/page"}],"author":[{"embeddable":true,"href":"http:\/\/scmalcacovas.pt\/home\/wp-json\/wp\/v2\/users\/1"}],"replies":[{"embeddable":true,"href":"http:\/\/scmalcacovas.pt\/home\/wp-json\/wp\/v2\/comments?post=309"}],"version-history":[{"count":25,"href":"http:\/\/scmalcacovas.pt\/home\/wp-json\/wp\/v2\/pages\/309\/revisions"}],"predecessor-version":[{"id":777,"href":"http:\/\/scmalcacovas.pt\/home\/wp-json\/wp\/v2\/pages\/309\/revisions\/777"}],"up":[{"embeddable":true,"href":"http:\/\/scmalcacovas.pt\/home\/wp-json\/wp\/v2\/pages\/2"}],"wp:attachment":[{"href":"http:\/\/scmalcacovas.pt\/home\/wp-json\/wp\/v2\/media?parent=309"}],"curies":[{"name":"wp","href":"https:\/\/api.w.org\/{rel}","templated":true}]}}