{"id":321,"date":"2018-03-12T20:07:25","date_gmt":"2018-03-12T20:07:25","guid":{"rendered":"http:\/\/scmalcacovas.pt\/home\/?page_id=321"},"modified":"2018-05-27T17:47:34","modified_gmt":"2018-05-27T17:47:34","slug":"historial","status":"publish","type":"page","link":"http:\/\/scmalcacovas.pt\/home\/instituicao\/historial\/","title":{"rendered":"Historial"},"content":{"rendered":"<div id=\"pl-321\"  class=\"panel-layout\" ><div id=\"pg-321-0\"  class=\"panel-grid panel-no-style\" ><div id=\"pgc-321-0-0\"  class=\"panel-grid-cell\" ><div id=\"panel-321-0-0-0\" class=\"so-panel widget widget_sow-image panel-first-child\" data-index=\"0\" ><div class=\"panel-widget-style panel-widget-style-for-321-0-0-0\" ><div\n\t\t\t\n\t\t\tclass=\"so-widget-sow-image so-widget-sow-image-default-8b5b6f678277-321\"\n\t\t\t\n\t\t>\n<div class=\"sow-image-container\">\n\t\t<img \n\tsrc=\"http:\/\/scmalcacovas.pt\/home\/wp-content\/uploads\/2018\/03\/Fachada_Edificio.jpg\" width=\"1280\" height=\"600\" srcset=\"http:\/\/scmalcacovas.pt\/home\/wp-content\/uploads\/2018\/03\/Fachada_Edificio.jpg 1280w, http:\/\/scmalcacovas.pt\/home\/wp-content\/uploads\/2018\/03\/Fachada_Edificio-300x141.jpg 300w, http:\/\/scmalcacovas.pt\/home\/wp-content\/uploads\/2018\/03\/Fachada_Edificio-768x360.jpg 768w, http:\/\/scmalcacovas.pt\/home\/wp-content\/uploads\/2018\/03\/Fachada_Edificio-1024x480.jpg 1024w\" sizes=\"(max-width: 1280px) 100vw, 1280px\" alt=\"\" \t\tclass=\"so-widget-image\"\/>\n\t<\/div>\n\n<\/div><\/div><\/div><div id=\"panel-321-0-0-1\" class=\"so-panel widget widget_sow-editor\" data-index=\"1\" ><div\n\t\t\t\n\t\t\tclass=\"so-widget-sow-editor so-widget-sow-editor-base\"\n\t\t\t\n\t\t>\n<div class=\"siteorigin-widget-tinymce textwidget\">\n\t<p align=\"JUSTIFY\"><strong>SOBRE A FUNDA\u00c7\u00c3O<\/strong><\/p>\n<p style=\"text-align: justify;\" align=\"JUSTIFY\">O in\u00edcio das Miseric\u00f3rdias em Portugal teve como impulsionadora a Rainha D. Leonor, esposa de D. Jo\u00e3o II, e fundou a Santa Casa da Miseric\u00f3rdia das Alc\u00e1\u00e7ovas a 10 de Setembro de 1551.<\/p>\n<p style=\"text-align: justify;\" align=\"JUSTIFY\">No ano de 1879 projetou-se um edif\u00edcio onde faria parte a Farm\u00e1cia da Miseric\u00f3rdia com a fun\u00e7\u00e3o de com\u00e9rcio a retalho de produtos farmac\u00eauticos, em estabelecimentos especializados.\u00a0No dia 18 de Maio de 1924, grande parte da popula\u00e7\u00e3o acorreu para testemunhar a reabertura do Hospital da Miseric\u00f3rdia, ap\u00f3s alguns anos encerrado.\u00a0No ano de 1981, a Santa Casa da Miseric\u00f3rdia das Alc\u00e1\u00e7ovas iniciou a sua atividade como lar de idosos com as fun\u00e7\u00f5es de atividades de apoio social para pessoas idosas, com e sem alojamento.<\/p>\n<p>&nbsp;<\/p>\n<p align=\"JUSTIFY\"><strong>O SEU DESENVOLVIMENTO<\/strong><\/p>\n<p style=\"text-align: justify;\" align=\"JUSTIFY\">A Santa Casa, no antigo Hospital, iniciou a sua atividade com doze utentes e quatro funcion\u00e1rias, sendo o seu Provedor, o Sr. Jo\u00e3o Murteira, seguindo-se os provedores a D. Maria da Encarna\u00e7\u00e3o, e depois o Sr. Ant\u00f3nio Galv\u00e3o at\u00e9 ao ano de 2012.\u00a0No ano 2003 construi-se o Edif\u00edcio C e ano de 2005 foi constru\u00eddo o Edif\u00edcio B.\u00a0No ano de 2007 foi constru\u00eddo outro edif\u00edcio denominado Centro de Noite, mas que passou a Lar de Idosos.<\/p>\n<blockquote>\n<p style=\"text-align: justify;\" align=\"JUSTIFY\">A Institui\u00e7\u00e3o foi crescendo ao ritmo das necessidades poss\u00edveis, servindo a popula\u00e7\u00e3o.<\/p>\n<\/blockquote>\n<p style=\"text-align: justify;\" align=\"JUSTIFY\">\n<\/p><\/div>\n<\/div><\/div><div id=\"panel-321-0-0-2\" class=\"so-panel widget widget_sow-editor panel-last-child\" data-index=\"2\" ><div\n\t\t\t\n\t\t\tclass=\"so-widget-sow-editor so-widget-sow-editor-base\"\n\t\t\t\n\t\t>\n<div class=\"siteorigin-widget-tinymce textwidget\">\n\t<p align=\"JUSTIFY\"><a href=\"http:\/\/scmalcacovas.pt\/home\/wp-content\/uploads\/2018\/03\/documento_compromisso_irmandade.pdf\">Documento de compromisso da irmandade aqui...<\/a><\/p>\n<\/div>\n<\/div><\/div><\/div><\/div><\/div>","protected":false},"excerpt":{"rendered":"<p>SOBRE A FUNDA\u00c7\u00c3O O in\u00edcio das Miseric\u00f3rdias em Portugal teve como impulsionadora a Rainha D. Leonor, esposa de D. Jo\u00e3o [&hellip;]<\/p>\n","protected":false},"author":1,"featured_media":0,"parent":2,"menu_order":0,"comment_status":"closed","ping_status":"closed","template":"","meta":{"footnotes":""},"class_list":["post-321","page","type-page","status-publish","hentry"],"_links":{"self":[{"href":"http:\/\/scmalcacovas.pt\/home\/wp-json\/wp\/v2\/pages\/321","targetHints":{"allow":["GET"]}}],"collection":[{"href":"http:\/\/scmalcacovas.pt\/home\/wp-json\/wp\/v2\/pages"}],"about":[{"href":"http:\/\/scmalcacovas.pt\/home\/wp-json\/wp\/v2\/types\/page"}],"author":[{"embeddable":true,"href":"http:\/\/scmalcacovas.pt\/home\/wp-json\/wp\/v2\/users\/1"}],"replies":[{"embeddable":true,"href":"http:\/\/scmalcacovas.pt\/home\/wp-json\/wp\/v2\/comments?post=321"}],"version-history":[{"count":40,"href":"http:\/\/scmalcacovas.pt\/home\/wp-json\/wp\/v2\/pages\/321\/revisions"}],"predecessor-version":[{"id":929,"href":"http:\/\/scmalcacovas.pt\/home\/wp-json\/wp\/v2\/pages\/321\/revisions\/929"}],"up":[{"embeddable":true,"href":"http:\/\/scmalcacovas.pt\/home\/wp-json\/wp\/v2\/pages\/2"}],"wp:attachment":[{"href":"http:\/\/scmalcacovas.pt\/home\/wp-json\/wp\/v2\/media?parent=321"}],"curies":[{"name":"wp","href":"https:\/\/api.w.org\/{rel}","templated":true}]}}